digit of 411414814?
1
What is the millions digit of 5179935295?
9
What is the units digit of 235118274?
4
What is the hundreds digit of 95248325?
3
What is the tens digit of 282545508?
0
What is the hundred thousands digit of 25496878?
4
What is the millions digit of 98388494?
8
What is the ten millions digit of 46468024?
4
What is the units digit of 7274674442?
2
What is the tens digit of 5321328313?
1
What is the billions digit of 4874748519?
4
What is the ten millions digit of 1722067134?
2
What is the units digit of 46660615?
5
What is the hundreds digit of 89608599?
5
What is the billions digit of 1141474920?
1
What is the millions digit of 320985984?
0
What is the tens digit of 2635884622?
2
What is the tens digit of 4272147364?
6
What is the hundred thousands digit of 1146250386?
2
What is the ten thousands digit of 133051958?
5
What is the billions digit of 6096116658?
6
What is the ten millions digit of 246844878?
4
What is the tens digit of 286510263?
6
What is the hundred thousands digit of 5988595514?
5
What is the tens digit of 5952335750?
5
What is the units digit of 771249048?
8
What is the thousands digit of 762342895?
2
What is the hundreds digit of 162381365?
3
What is the thousands digit of 115201286?
1
What is the thousands digit of 60223610?
3
What is the ten thousands digit of 102012842?
1
What is the units digit of 25043753?
3
What is the thousands digit of 52155567?
5
What is the hundreds digit of 22371984?
9
What is the tens digit of 161477940?
4
What is the hundred millions digit of 130443402?
1
What is the hundreds digit of 505534?
5
What is the thousands digit of 89831415?
1
What is the hundreds digit of 1016920686?
6
What is the thousands digit of 678361052?
1
What is the units digit of 43084878?
8
What is the tens digit of 222407991?
9
What is the millions digit of 322120981?
2
What is the hundreds digit of 5407650632?
6
What is the hundreds digit of 31559705?
7
What is the ten millions digit of 67203636?
6
What is the millions digit of 418426694?
8
What is the ten thousands digit of 1402021050?
2
What is the hundreds digit of 353751009?
0
What is the units digit of 181856725?
5
What is the thousands digit of 1659179926?
9
What is the hundreds digit of 2556191029?
0
What is the millions digit of 1428633561?
8
What is the units digit of 5781752?
2
What is the ten thousands digit of 1830764183?
6
What is the tens digit of 1551610063?
6
What is the ten millions digit of 2478343419?
7
What is the units digit of 100218515?
5
What is the millions digit of 234350029?
4
What is the tens digit of 476310573?
7
What is the units digit of 7586952989?
9
What is the ten millions digit of 2709913255?
0
What is the ten thousands digit of 6594964?
9
What is the ten millions digit of 432889505?
3
What is the ten thousands digit of 284687806?
8
What is the millions digit of 77666242?
7
What is the units digit of 13786403?
3
What is the units digit of 46898188?
8
What is the hundred thousands digit of 2510789537?
7
What is the units digit of 34289026?
6
What is the units digit of 333364906?
6
What is the thousands digit of 150740133?
0
What is the ten thousands digit of 2296987893?
8
What is the hundred thousands digit of 328660275?
6
What is the millions digit of 887364640?
7
What is the ten millions digit of 644051288?
4
What is the millions digit of 67677831?
7
What is the thousands digit of 161358087?
8
What is the ten thousands digit of 117005013?
0
What is the ten thousands digit of 63252488?
5
What is the hundreds digit of 870539508?
5
What is the hundred millions digit of 1175609930?
1
What is the hundred millions digit of 667695011?
6
What is the ten thousands digit of 1636825820?
2
What is the millions digit of 17909614?
7
What is the ten millions digit of 5734660673?
3
What is the hundred thousands digit of 42249308?
2
What is the tens digit of 38898236?
3
What is the ten thousands digit of 9996472?
9
What is the ten thousands digit of 674997436?
9
What is the thousands digit of 4078576829?
6
What is the hundreds digit of 1178942296?
2
What is the millions digit of 522885228?
2
What is the hundred millions digit of 3316729616?
3
What is the hundred thousands digit of 3808361529?
3
What is the hundred thousands digit of 3803711014?
7
What is the millions digit of 373805000?
3
What is the tens digit of 208280860?
6
What is the hundreds digit of 410789794?
7
What is the units digit of 2294896501?
1
What is the hundreds digit of 1203359970?
9
What is the ten thousands digit of 83467296?
6
What is the thousands digit of 1110384959?
4
What is the ten thousands digit of 334421422?
2
What is the hundred millions digit of 422740960?
4
What is the hundred thousands digit of 43805692?
8
What is the hundreds digit of 586529953?
9
What is the ten millions digit of 240811912?
4
What is the ten millions digit of 77075322?
7
What is the ten thousands digit of 1655871910?
7
What is the hundred millions digit of 319606725?
3
What is the millions digit of 1564725958?
4
What is the billions digit of 2985932067?
2
What is the ten millions digit of 105440162?
0
What is the units digit of 40078309?
9
What is the ten millions digit of 46746413?
4
What is the hundred millions digit of 1539014731?
5
What is the hundred millions digit of 109982349?
1
What is the thousands digit of 13600708?
0
What is the hundreds digit of 341153515?
5
What is the thousands digit of 147139379?
9
What is the hundred thousands digit of 50174282?
1
What is the units digit of 74426511?
1
What is the units digit of 3255431309?
9
What is the ten thousands digit of 500877108?
7
What is the hundreds digit of 2101851907?
9
What is the millions digit of 3410411224?
0
What is the units digit of 151722266?
6
What is the hundreds digit of 2409039819?
8
What is the tens digit of 7047344137?
3
What is the hundreds digit of 1748535889?
8
What is the tens digit of 735080974?
7
What is the units digit of 60594958?
8
What is the units digit of 135174888?
8
What is the thousands digit of 651314865?
4
What is the thousands digit of 295204838?
4
What is the hundreds digit of 10315399?
3
What is the ten millions digit of 3017701239?
1
What is the hundred thousands digit of 305451492?
4
What is the hundreds digit of 9142903?
9
What is the hundred millions digit of 117405798?
1
What is the units digit of 222523811?
1
What is the millions digit of 56333761?
6
What is the tens digit of 4574206023?
2
What is the tens digit of 345812101?
0
What is the ten thousands digit of 713091847?
9
What is the ten thousands digit of 24061169?
6
What is the ten thousands digit of 835217492?
1
What is the tens digit of 116313792?
9
What is the tens digit of 1439298243?
4
What is the ten millions digit of 65584780?
6
What is the tens digit of 39162308?
0
What is the tens digit of 135727295?
9
What is the thousands digit of 143051458?
1
What is the hundreds digit of 623653012?
0
What is the hundreds digit of 1708609237?
2
What is the tens digit of 128495625?
2
What is the millions digit of 153825905?
3
What is the thousands digit of 20809122?
9
What is the millions digit of 158657811?
8
What is the hundred thousands digit of 1030529657?
5
What is the tens digit of 1104311710?
1
What is the millions digit of 28239197?
8
What is the units digit of 152695673?
3
What is the hundred millions digit of 291032717?
2
What is the hundred millions digit of 902410484?
9
What is the hundreds digit of 80765799?
7
What is the units digit of 699838114?
4
What is the hundred millions digit of 222529268?
2
What is the thousands digit of 880144150?
4
What is the units digit of 54630890?
0
What is the ten millions digit of 126293336?
2
What is the hundred millions digit of 494122781?
4
What is the hundred thousands digit of 172655384?
6
What is the hundreds digit of 605305287?
2
What is the hundred thousands digit of 1472084956?
0
What is the units digit of 1184418923?
3
What is the billions digit of 1506652966?
1
What is the ten millions digit of 50493303?
5
What is the hundred thousands digit of 2021930100?
9
What is the ten thousands digit of 602589000?
8
What is the thousands digit of 3877817796?
7
What is the hundreds digit of 74646986?
9
What is the tens digit of 1657147031?
3
What is the thousands digit of 40291333?
1
